{"id":261,"date":"2020-09-23T11:16:12","date_gmt":"2020-09-23T11:16:12","guid":{"rendered":"https:\/\/alicia.a3ensemble.com\/?page_id=8"},"modified":"2022-02-21T17:02:36","modified_gmt":"2022-02-21T17:02:36","slug":"biografia","status":"publish","type":"page","link":"https:\/\/aliciamartinezbonfill.com\/index.php\/biografia\/","title":{"rendered":"Soprano"},"content":{"rendered":"\n<div class=\"wp-block-columns\">\n<div class=\"wp-block-column\" style=\"flex-basis:33.33%\">\n<div class=\"wp-block-getwid-image-box has-text-center has-mobile-layout-default has-mobile-alignment-default\"><div class=\"wp-block-getwid-image-box__image-container is-position-top\"><div class=\"wp-block-getwid-image-box__image-wrapper\"><img loading=\"lazy\" width=\"768\" height=\"1050\" src=\"http:\/\/aliciamartinezbonfill.com\/wp-content\/uploads\/2021\/02\/IMG_4847.jpeg\" alt=\"\" class=\"wp-block-getwid-image-box__image wp-image-258\" srcset=\"https:\/\/aliciamartinezbonfill.com\/wp-content\/uploads\/2021\/02\/IMG_4847.jpeg 768w, https:\/\/aliciamartinezbonfill.com\/wp-content\/uploads\/2021\/02\/IMG_4847-219x300.jpeg 219w, https:\/\/aliciamartinezbonfill.com\/wp-content\/uploads\/2021\/02\/IMG_4847-749x1024.jpeg 749w\" sizes=\"(max-width: 768px) 100vw, 768px\" \/><\/div><\/div><div class=\"wp-block-getwid-image-box__content\">\n<h3><\/h3>\n\n\n\n<p><\/p>\n<\/div><\/div>\n<\/div>\n\n\n\n<div class=\"wp-block-column\" style=\"flex-basis:66.66%\">\n<p>Alicia Mart\u00ednez Bonfill s\u2019ha format de la m\u00e0 d\u2019Anna Al\u00e0s, Natasha Tupin i Grissel Ruiz, i ha cursat el M\u00e0ster en Interpretaci\u00f3 de la M\u00fasica Antiga en l\u2019especialitat de cant hist\u00f2ric a l\u2019ESMUC sota el mestratge de Marta Almajano. Aix\u00ed mateix, ha rebut els consells de Carlos Mena, Alexander Fleischer (Hochschule f\u00fcr Musik \u201cHanns Eisler\u201d de Berl\u00edn), Michel Brun (Ensemble Baroque de Toulouse), Marcel Boone (Fachhochschule Nordwestschweiz de Basilea) i Carla Filipcic-Holm. Ha guanyat el I. Concurs de Cant organitzat pel Reial Cercle Art\u00edstic de Barcelona.<\/p>\n\n\n\n<p>Com a solista ha dut l\u2019espectacle La danza de C\u00e9falo y Procris. Arden! (dir. Nick Nguyen-Susana Egea) a la 41\u00aa edici\u00f3 del Festival Internacional de Teatro Cl\u00e1sico d\u2019Almagro, i el Requiem de W.A. Mozart al festival Nits Culturals de Sant Pere Sallavinera (dir. Josep Miquel Mind\u00e1n). Ha participat a la gira de la com\u00e8dia l\u00edrica catalana Tempesta Esva\u00efda de J. Serra, de la qual tamb\u00e9 ha enregistrat el corresponent CD per al segell Ficta (dir. Diego Martin-Etxebarria), i ha interpretat un dels rols protagonistes de Il Convito de D. Cimarosa (\u00d2pera Jove). Tamb\u00e9 ha treballat en diferents produccions amb grups com Barcelona Ars Nova (dir. Mireia Barrera), el Cor de Cambra Francesc Valls (dir. Pere Llu\u00eds Biosca) o, en l\u2019\u00e0mbit de la interpretaci\u00f3 amb criteris hist\u00f2rics, Il Gesto Armonico, El herir del ayre i Dichos Diavolos. \u00c9s becada per l\u2019Associaci\u00f3 d\u2019Amics de l\u2019\u00d2pera de Sabadell (dir. Daniel Gil de Tejada) des de la temporada 2015-2016.<\/p>\n\n\n\n<p>A nivell pedag\u00f2gic, est\u00e0 postgraduada en intervenci\u00f3 logop\u00e8dica en transtorns de la veu per la Universitat Ramon Llull i exerceix com a professora de cant i <em>vocal coach<\/em>.<\/p>\n<\/div>\n<\/div>\n","protected":false},"excerpt":{"rendered":"<p>Alicia Mart\u00ednez Bonfill s\u2019ha format de la m\u00e0 d\u2019Anna Al\u00e0s, Natasha Tupin i Grissel Ruiz, i ha cursat el M\u00e0ster en Interpretaci\u00f3 de la M\u00fasica Antiga en l\u2019especialitat de cant [&hellip;]<\/p>\n","protected":false},"author":1,"featured_media":0,"parent":0,"menu_order":0,"comment_status":"closed","ping_status":"closed","template":"","meta":{"_genesis_hide_title":true,"_genesis_hide_breadcrumbs":false,"_genesis_hide_singular_image":false,"_genesis_hide_footer_widgets":false,"_genesis_custom_body_class":"","_genesis_custom_post_class":"","_genesis_layout":"full-width-content","ngg_post_thumbnail":0},"_links":{"self":[{"href":"https:\/\/aliciamartinezbonfill.com\/index.php\/wp-json\/wp\/v2\/pages\/261"}],"collection":[{"href":"https:\/\/aliciamartinezbonfill.com\/index.php\/wp-json\/wp\/v2\/pages"}],"about":[{"href":"https:\/\/aliciamartinezbonfill.com\/index.php\/wp-json\/wp\/v2\/types\/page"}],"author":[{"embeddable":true,"href":"https:\/\/aliciamartinezbonfill.com\/index.php\/wp-json\/wp\/v2\/users\/1"}],"replies":[{"embeddable":true,"href":"https:\/\/aliciamartinezbonfill.com\/index.php\/wp-json\/wp\/v2\/comments?post=261"}],"version-history":[{"count":1,"href":"https:\/\/aliciamartinezbonfill.com\/index.php\/wp-json\/wp\/v2\/pages\/261\/revisions"}],"predecessor-version":[{"id":302,"href":"https:\/\/aliciamartinezbonfill.com\/index.php\/wp-json\/wp\/v2\/pages\/261\/revisions\/302"}],"wp:attachment":[{"href":"https:\/\/aliciamartinezbonfill.com\/index.php\/wp-json\/wp\/v2\/media?parent=261"}],"curies":[{"name":"wp","href":"https:\/\/api.w.org\/{rel}","templated":true}]}}